hat is the remainder when j(4) is divided by s?
0
Let g = 180 - 112. What is the remainder when g is divided by 23?
22
Suppose 0 = -40*h + 41*h - 8. What is the remainder when 10 is divided by h?
2
Suppose 4*k - 15 = 17. Suppose k*u - 44 = 4*u. Calculate the remainder when 32 is divided by u.
10
Let i = -7 - -12. Let k(y) = -y**3 - 2*y**2 + 5*y. Let d be k(-4). Let p = 30 - d. Calculate the remainder when p is divided by i.
3
What is the remainder when (0 - 1)/((-1)/37) is divided by 22?
15
Suppose -g + 20 = 3*w, g + g = 5*w - 15. Suppose -83 = -w*k - 28. What is the remainder when (-2)/2 + -2 + 35 is divided by k?
10
Suppose 0*k = k + 56. Let c = -40 - k. Calculate the remainder when 30 is divided by c.
14
Let b = 15 + -18. What is the remainder when 1*(b + -1 + 21) is divided by 5?
2
Suppose 2*q = -q - 12, -i + 28 = q. Let n(k) = 3*k**2 - 1. Let t be n(-1). Suppose 0 = -5*p - t + i. What is the remainder when 10 is divided by p?
4
Let a = -34 + 44. What is the remainder when (-20 - -1)/(1 - 2) is divided by a?
9
Suppose 0 = 6*h - 7*h + 45. What is the remainder when h is divided by 12?
9
Suppose 0 = -2*l - 4, -2*q - 2*q - 2*l = -300. What is the remainder when q*1*2/4 is divided by 2/(-8) - 106/(-8)?
12
Let l(u) = u**3 - 6*u**2 + 7*u - 5. Let z be l(5). Suppose 5*d - 28 = 47. Let r = d - z. Calculate the remainder when r is divided by 4.
2
Let k = 212 - 145. What is the remainder when k is divided by 17?
16
Let l(u) = 30*u**2 - 5*u + 5. Calculate the remainder when l(1) is divided by 22.
8
Let u = -9 - -50. Let k = 21 - 7. Calculate the remainder when u is divided by k.
13
Suppose -4*l - 33 = -4*v - l, -4*l = -2*v + 14. What is the remainder when 425/v + (-6)/27 is divided by 12?
11
Suppose q - 5*u = 28, 2*u = 4*q - 2*u - 32. Suppose 3 = q*a - 0. Calculate the remainder when a is divided by -4*(3 + -4) - (-24)/(-8).
0
Suppose m = -4*b - 14, b + 0 = -2*m + 7. Let c(n) = 1 + m + n - 2*n. What is the remainder when 12 is divided by c(0)?
5
Let f be (-17)/(-5) + 4/(-10). Calculate the remainder when 6 is divided by 2*(-2)/(-6)*f.
0
Suppose 21 + 2 = g. What is the remainder when g is divided by (24/(-10))/((-2)/10)?
11
Suppose -c - 5*p + 1 = 0, -2*p - 85 - 29 = -4*c. Calculate the remainder when 72 is divided by c.
20
Let c = 29 - 18. Suppose -22*y = -25*y + 9. Calculate the remainder when c is divided by y.
2
Suppose 3*x + 2 = -3*f + 2*x, 2*f = 5*x - 7. Suppose 0 = -m - m + 4. What is the remainder when m is divided by f/(-3) - 10/(-6)?
0
Let c = 4 + 1. Suppose -c*p = -72 - 118. Let v = 53 - 40. What is the remainder when p is divided by v?
12
Suppose d + 5 + 0 = 0. Let q = 12 + d. What is the remainder when q is divided by 2?
1
Let p(d) = -2*d**3 - d**2 + 5*d + 5. What is the remainder when p(-3) is divided by (4 - 3) + (-68)/(-4)?
17
Let i = -37 - -58. Calculate the remainder when i is divided by 1/2*0 + 12.
9
Let m = 0 + -6. Let p be ((-18)/(-4))/((-3)/m). Suppose 4*o = -p + 41. Calculate the remainder when 23 is divided by o.
7
Suppose -2*r + 2 = 3*g - 4, g + 2*r = 2. Suppose -43 = -8*q + 61. Calculate the remainder when (-9)/g*64/(-12) is divided by q.
11
Suppose -16 = -4*d, 3*x + 17 = -d + 3*d. Let i = 25 - 16. What is the remainder when -1 + ((-108)/2)/x is divided by i?
8
Let l(s) = -s. Let f be l(0). Let h = -6 - -18. Suppose -3*a + h = -f*a. What is the remainder when a is divided by 2?
0
Let x be (-1 + (-8)/(-4))*-3. Let r = 4 - x. What is the remainder when 19 is divided by r?
5
Suppose -3*k = 2*k + c - 776, -466 = -3*k - c. Calculate the remainder when k is divided by 12.
11
Let b(l) = -1 + 2*l**2 - 5*l - 3*l**2 - l. Let w be (-2 + 3)*-2 - 2. What is the remainder when b(w) is divided by 4?
3
Let d = 5 - 3. Suppose f = -3*g + 2 - 13, -5*f - 17 = -4*g. Let m = f - -8. Calculate the remainder when m is divided by d.
1
Let u be (-1)/(-4) - (-86)/8. Let g(m) = m**2 - 5*m - 25. Let c be g(9). Let t = c + u. Calculate the remainder when 42 is divided by t.
20
Let o(l) = 37*l. Let y(v) = v**2 - 5*v + 1. Let c be y(5). Let f = 81 - 62. What is the remainder when o(c) is divided by f?
18
Suppose 490 = -3*n + 541. Suppose 0 = -2*k + 5*v + 69, 3*k - 178 = -k + 2*v. Calculate the remainder when k is divided by n.
13
Suppose c + 1 = -0*c. Let s = c + 3. Calculate the remainder when 27 is divided by 5/(10/24) + s.
13
Let m(r) = r**3 + 5*r**2 + 4*r + 3. Let v be m(-4). Suppose -v*t - 101 = -5*y + 69, 3*y - 4*t = 91. What is the remainder when y is divided by 10?
7
Suppose a - 8 = 3. Let o be (-31)/a - (-4)/(-22). Let y(f) = -f**3 - 3*f**2 - 4*f - 3. Calculate the remainder when 25 is divided by y(o).
7
Let s = 50 - 35. What is the remainder when s is divided by 9?
6
Suppose 8*c - 3*c - 25 = -3*h, 2*c - 41 = 5*h. What is the remainder when 86 is divided by c?
6
Let s(q) = 3*q**3 - 3*q**2 - 10*q + 1. What is the remainder when s(4) is divided by 27?
24
Let c = 11 - 17. What is the remainder when (-1 - -2)/(2/4) is divided by 15/5*(-2)/c?
0
Let u(o) = o**2 - o - 4. Suppose 0 = 3*y - 0*y - 2*t + 860, -5*y - 3*t = 1465. What is the remainder when 10/35 + y/(-14) is divided by u(4)?
5
Suppose -f + 5*f + 8 = 0. Let p(v) = -2*v**3 - 2*v**2. Calculate the remainder when 15 is divided by p(f).
7
Suppose -5*a - h = -3*a - 29, 4*h + 28 = 4*a. What is the remainder when 20 is divided by a?
8
Suppose 3*w - 3*r + 4*r - 19 = 0, -2*r - 42 = -4*w. Suppose 4*m + w = 0, s - 6*s + 4*m = -28. Suppose s + 0 = 2*g. What is the remainder when 3 is divided by g?
1
Let v(l) = -139*l - 1. Suppose -k - 1 = -2. Let i be v(k). Let z = -87 - i. Calculate the remainder when z is divided by 18.
17
Let i = 53 - 24. Suppose 15*s = 1095 + 165. Calculate the remainder when s is divided by i.
26
Suppose 5*o = -3*q + 4, -10 = 3*q + 2*q. Let j(m) = -m**3 + 3*m - 1. Let w be j(o). Calculate the remainder when 5 is divided by 16/6 - w/9.
2
Let z(g) = 15*g**2 + 3*g. Calculate the remainder when 29 is divided by z(1).
11
Suppose 8*c - 4*c - 4 = 0. Let z = c + -4. Calculate the remainder when 18 - (1 - (-2 - z)) is divided by 10.
8
Suppose -9*x = -17*x + 32. What is the remainder when 81 is divided by x?
1
Let c(k) be the first derivative of -k**4/2 + k**3/3 + 3*k**2/2 + k - 1. Calculate the remainder when 43 is divided by c(-2).
13
Suppose 2*v - 10 = 3*u - 5*u, -4*v + 2*u = -14. Let g = 7 - v. Calculate the remainder when 5 is divided by g.
2
Let p = -4 - -6. Suppose -p*b - 28 = -4*b. Let u(a) = a**3 - a**2 - 3*a - 4. What is the remainder when b is divided by u(3)?
4
Let c be 5/1 - (0 + -1). Suppose -19 = -3*d - 4*a, -4*d - c = -6*d - a. Suppose -7 = -3*h - h - 3*b, b - 4 = -3*h. What is the remainder when h is divided by d?
0
Let n(p) = -2*p**3 + 2*p + 5*p**2 - 1 - 2*p**2 - p. What is the remainder when 48 is divided by n(-2)?
23
Let p = 25 - -3. Let c be 2 + 0 + 0 - 0. Suppose c*n = 14 + 6. Calculate the remainder when p is divided by n.
8
Let s(b) = 2*b**2 - 3. What is the remainder when (3 - -38) + (0 - -3) is divided by s(3)?
14
Let n = 21 - 6. What is the remainder when 57 is divided by n?
12
Suppose d = -3*u + 15, 0 = 5*d - 0*d - 5*u + 5. Let m(h) = -h**2 + 6*h - 2. Calculate the remainder when 13 is divided by m(d).
6
Let u(i) = 3*i**2 - 7*i + 4. What is the remainder when u(4) is divided by 5?
4
What is the remainder when (62 - 2) + 0 + 26/13 is divided by 17?
11
Suppose 132 = 4*h - 4*l, 5*h + 3*l - 115 - 18 = 0. Let u = h + -20. What is the remainder when u is divided by 3?
0
Let b = 42 + -37. Calculate the remainder when 7 is divided by b.
2
Suppose o + 4*o = 20. What is the remainder when ((-1)/(-2))/(3/42) is divided by o?
3
Suppose 4*l = -q + 12, 3*q - 3*l + 19 = 5*q. What is the remainder when 69 is divided by q?
5
Let p(s) = s - 3*s - 2*s + 2 + 5*s**2. Let x be (-3)/2*(-8)/6. Calculate the remainder when p(x) is divided by 8.
6
Suppose 5*g + 16 = 3*m, m - 5*g - 20 = -4*m. Suppose 0 = -c - 5*o - 12, -m - 2 = o. Let q = -5 - -8. What is the remainder when c is divided by q?
2
Suppose 0 = 9*j - 27. Suppose -5*v + v + 24 = 3*f, 2*v - 2*f = 26. What is the remainder when v is divided by j?
0
Suppose -3*h + 3 = -2*h. Suppose 0*t = -h*t + 9. What is the remainder when t is divided by 1?
0
Suppose -3*r - 3*q + 192 = 36, 12 = -3*q. Let h = 2 + -3. What is the remainder when r is